{"id":87,"date":"2018-03-17T14:26:11","date_gmt":"2018-03-17T14:26:11","guid":{"rendered":"http:\/\/bbcomdoo.com\/?page_id=87"},"modified":"2020-12-12T11:47:07","modified_gmt":"2020-12-12T11:47:07","slug":"kalorimetri","status":"publish","type":"page","link":"https:\/\/bbcomdoo.com\/?page_id=87","title":{"rendered":"KALORIMETRI"},"content":{"rendered":"<p><img loading=\"lazy\" decoding=\"async\" class=\"alignnone size-medium wp-image-58\" src=\"http:\/\/bbcomdoo.com\/wp-content\/uploads\/2018\/03\/siemens-300x69.png\" alt=\"\" width=\"300\" height=\"69\" srcset=\"https:\/\/bbcomdoo.com\/wp-content\/uploads\/2018\/03\/siemens-300x69.png 300w, https:\/\/bbcomdoo.com\/wp-content\/uploads\/2018\/03\/siemens.png 454w\" sizes=\"auto, (max-width: 300px) 100vw, 300px\" \/><\/p>\n<p><img loading=\"lazy\" decoding=\"async\" class=\"alignnone size-full wp-image-60\" src=\"http:\/\/bbcomdoo.com\/wp-content\/uploads\/2018\/03\/kalorim1-1.png\" alt=\"\" width=\"160\" height=\"212\" \/>\u00a0 \u00a0 \u00a0 \u00a0 \u00a0 \u00a0\u00a0\u00a0\u00a0<img loading=\"lazy\" decoding=\"async\" class=\"alignnone size-full wp-image-88\" src=\"http:\/\/bbcomdoo.com\/wp-content\/uploads\/2018\/03\/kalorim2.png\" alt=\"\" width=\"203\" height=\"224\" \/><\/p>\n<p>Kalorimetri so primerni za vgradnjo v stavbe, katerih ogrevalni sistem je sestavljen iz horizontalnih zank, na katere so vezani vsi radiatorji. Namestimo jih pred vhodom v stanovanje. Imamo turbinske in ultrazvo\u010dne kalorimetre.Z napredkom in razvojem tehnologije se v posamezne objekte \u010dedalje pogosteje vgrajujejo ultrazvo\u010dni kalorimetri. Slednji\u00a0 zagotavljajo dalj\u0161o \u017eivljenjsko dobo merilnika, ravno zato ker nimajo mehanskih delov. So tudi zelo neob\u010dutljivi ter odporni na umazanijo v ogrevalnem sistemu, hkrati pa omogo\u010dajo \u0161e bolj\u0161o natan\u010dnost merjenja.<\/p>\n<p>Ultrazvo\u010dni kalorimetri svojo funkcijo opravljajo s pomo\u010djo mikrora\u010dunalni\u0161ke tehnike, zdru\u017eene z ultrazvo\u010dno tehniko merjenja. Za svoje delovanje ne potrebujejo mehansko premi\u010dnih delov, kar pomeni manj mo\u017enosti razli\u010dnih okvar. Ultrazvo\u010dni merilniki Siemens so tudi izjemno robustni, zato ne potrebujejo nobenega vzdr\u017eevanja.<\/p>\n<p>\u00a0<\/p>\n<p><strong>Od\u010ditavanje<\/strong><\/p>\n<p>Ro\u010dno ali daljinsko po sistemu AMR ali Walk By.<\/p>\n<p>Kalorimeter brez\u017ei\u010dno posreduje podatke o\u00a0porabi energije ogrevanja na centralno enoto AMR, kjer je mo\u017eno od\u010ditati dnevno (trenutno) porabo in porabo za zadnjih 18 mesecev. Od\u010ditavanje centralnih enot AMR lahko poteka preko vmesnika neposredno preko centralne enote ali pa daljinsko preko GSM komunikacije ali IP komunikacije (ethernet).<br \/>Glavna prednost\u00a0 sistema TeleKontrol-RADIO je, da se od\u010ditavanje porabe lahko izvaja direktno iz obra\u010dunske pisarne. Podatki zbrani na ta na\u010din so\u00a0 uporabni za vodenje statistike porabe v gospodinjstvih in industriji.<\/p>\n<p>\u00a0<\/p>\n<p><strong>Vrste kalorimetrov<\/strong><\/p>\n<p>standard-turbinski ro\u010dno od\u010ditavanje<\/p>\n\n\n<figure class=\"wp-block-image size-large is-resized is-style-default\"><img loading=\"lazy\" decoding=\"async\" src=\"https:\/\/bbcomdoo.com\/wp-content\/uploads\/2020\/12\/WFM683-L000H-2.jpg\" alt=\"\" class=\"wp-image-271\" width=\"365\" height=\"365\" srcset=\"https:\/\/bbcomdoo.com\/wp-content\/uploads\/2020\/12\/WFM683-L000H-2.jpg 800w, https:\/\/bbcomdoo.com\/wp-content\/uploads\/2020\/12\/WFM683-L000H-2-300x300.jpg 300w, https:\/\/bbcomdoo.com\/wp-content\/uploads\/2020\/12\/WFM683-L000H-2-150x150.jpg 150w, https:\/\/bbcomdoo.com\/wp-content\/uploads\/2020\/12\/WFM683-L000H-2-768x768.jpg 768w, https:\/\/bbcomdoo.com\/wp-content\/uploads\/2020\/12\/WFM683-L000H-2-100x100.jpg 100w\" sizes=\"auto, (max-width: 365px) 100vw, 365px\" \/><\/figure>\n\n\n\n<p>turbinski-daljinsko od\u010ditavanje AMR ali Walk By<\/p>\n\n\n\n<figure class=\"wp-block-image size-large is-style-default\"><img loading=\"lazy\" decoding=\"async\" width=\"255\" height=\"198\" src=\"https:\/\/bbcomdoo.com\/wp-content\/uploads\/2020\/12\/WFM573.jpg\" alt=\"\" class=\"wp-image-272\"\/><\/figure>\n\n\n\n<p>turbinski- M-Bus od\u010ditavanje in mo\u017enost priklopa dveh zunanjih enot (vodomerov) na kalorimeter<\/p>\n\n\n\n<figure class=\"wp-block-image size-large is-style-default\"><img loading=\"lazy\" decoding=\"async\" width=\"225\" height=\"225\" src=\"https:\/\/bbcomdoo.com\/wp-content\/uploads\/2020\/12\/WFM543.jpg\" alt=\"\" class=\"wp-image-273\" srcset=\"https:\/\/bbcomdoo.com\/wp-content\/uploads\/2020\/12\/WFM543.jpg 225w, https:\/\/bbcomdoo.com\/wp-content\/uploads\/2020\/12\/WFM543-150x150.jpg 150w, https:\/\/bbcomdoo.com\/wp-content\/uploads\/2020\/12\/WFM543-100x100.jpg 100w\" sizes=\"auto, (max-width: 225px) 100vw, 225px\" \/><\/figure>\n\n\n\n<p><\/p>\n\n\n\n<p>ultra zvo\u010dni &#8211; ro\u010dno od\u010ditavanje. Z moduli mo\u017enost daljinskega od\u010ditavanja AMR, Walk By ali M-Bus.<\/p>\n\n\n\n<figure class=\"wp-block-image size-large is-resized is-style-default\"><img loading=\"lazy\" decoding=\"async\" src=\"https:\/\/bbcomdoo.com\/wp-content\/uploads\/2020\/12\/wsm506-be.jpg\" alt=\"\" class=\"wp-image-274\" width=\"192\" height=\"192\"\/><\/figure>\n\n\n\n<p><\/p>\n","protected":false},"excerpt":{"rendered":"<p>\u00a0 \u00a0 \u00a0 \u00a0 \u00a0 \u00a0\u00a0\u00a0\u00a0 Kalorimetri so primerni za vgradnjo v stavbe, katerih ogrevalni sistem je sestavljen iz horizontalnih zank, na katere so vezani vsi radiatorji. Namestimo jih pred vhodom v stanovanje. Imamo turbinske in ultrazvo\u010dne kalorimetre.Z napredkom in razvojem tehnologije se v posamezne objekte \u010dedalje pogosteje vgrajujejo ultrazvo\u010dni kalorimetri. Slednji\u00a0 zagotavljajo dalj\u0161o \u017eivljenjsko &hellip; <\/p>\n<p class=\"link-more\"><a href=\"https:\/\/bbcomdoo.com\/?page_id=87\" class=\"more-link\">Continue reading<span class=\"screen-reader-text\"> &#8220;KALORIMETRI&#8221;<\/span><\/a><\/p>\n","protected":false},"author":1,"featured_media":0,"parent":0,"menu_order":0,"comment_status":"closed","ping_status":"closed","template":"","meta":{"footnotes":""},"class_list":["post-87","page","type-page","status-publish","hentry"],"aioseo_notices":[],"_links":{"self":[{"href":"https:\/\/bbcomdoo.com\/index.php?rest_route=\/wp\/v2\/pages\/87","targetHints":{"allow":["GET"]}}],"collection":[{"href":"https:\/\/bbcomdoo.com\/index.php?rest_route=\/wp\/v2\/pages"}],"about":[{"href":"https:\/\/bbcomdoo.com\/index.php?rest_route=\/wp\/v2\/types\/page"}],"author":[{"embeddable":true,"href":"https:\/\/bbcomdoo.com\/index.php?rest_route=\/wp\/v2\/users\/1"}],"replies":[{"embeddable":true,"href":"https:\/\/bbcomdoo.com\/index.php?rest_route=%2Fwp%2Fv2%2Fcomments&post=87"}],"version-history":[{"count":3,"href":"https:\/\/bbcomdoo.com\/index.php?rest_route=\/wp\/v2\/pages\/87\/revisions"}],"predecessor-version":[{"id":284,"href":"https:\/\/bbcomdoo.com\/index.php?rest_route=\/wp\/v2\/pages\/87\/revisions\/284"}],"wp:attachment":[{"href":"https:\/\/bbcomdoo.com\/index.php?rest_route=%2Fwp%2Fv2%2Fmedia&parent=87"}],"curies":[{"name":"wp","href":"https:\/\/api.w.org\/{rel}","templated":true}]}}